149
What are the prime factors of 1576?
2, 197
List the prime factors of 16934.
2, 8467
What are the prime factors of 28122?
2, 3, 43, 109
List the prime factors of 928.
2, 29
What are the prime factors of 96467?
7, 13781
List the prime factors of 4553.
29, 157
What are the prime factors of 7375?
5, 59
What are the prime factors of 709?
709
List the prime factors of 391.
17, 23
List the prime factors of 5893.
71, 83
List the prime factors of 211.
211
What are the prime factors of 1117?
1117
List the prime factors of 179.
179
What are the prime factors of 4255?
5, 23, 37
List the prime factors of 4364.
2, 1091
List the prime factors of 5.
5
What are the prime factors of 1157?
13, 89
What are the prime factors of 6983?
6983
What are the prime factors of 40472?
2, 5059
What are the prime factors of 10819?
31, 349
List the prime factors of 7118.
2, 3559
List the prime factors of 7728.
2, 3, 7, 23
List the prime factors of 1227.
3, 409
List the prime factors of 10036.
2, 13, 193
What are the prime factors of 94?
2, 47
List the prime factors of 2984.
2, 373
List the prime factors of 9103.
9103
List the prime factors of 21198.
2, 3, 3533
List the prime factors of 15145.
5, 13, 233
List the prime factors of 52975.
5, 13, 163
List the prime factors of 2223.
3, 13, 19
What are the prime factors of 38296?
2, 4787
What are the prime factors of 9154?
2, 23, 199
What are the prime factors of 13062?
2, 3, 7, 311
List the prime factors of 3726.
2, 3, 23
What are the prime factors of 115615?
5, 19, 1217
List the prime factors of 35548.
2, 8887
List the prime factors of 59026.
2, 11, 2683
What are the prime factors of 89592?
2, 3, 3733
What are the prime factors of 81207?
3, 7, 1289
What are the prime factors of 2670?
2, 3, 5, 89
What are the prime factors of 58018?
2, 29009
What are the prime factors of 985?
5, 197
List the prime factors of 96106.
2, 29, 1657
What are the prime factors of 86100?
2, 3, 5, 7, 41
What are the prime factors of 1052?
2, 263
What are the prime factors of 4859?
43, 113
List the prime factors of 6031.
37, 163
List the prime factors of 1303.
1303
List the prime factors of 2284.
2, 571
List the prime factors of 3219.
3, 29, 37
What are the prime factors of 2853?
3, 317
List the prime factors of 2021.
43, 47
What are the prime factors of 1291?
1291
What are the prime factors of 19528?
2, 2441
List the prime factors of 533.
13, 41
List the prime factors of 124.
2, 31
List the prime factors of 73.
73
List the prime factors of 2956.
2, 739
What are the prime factors of 20841?
3, 6947
List the prime factors of 11468.
2, 47, 61
List the prime factors of 17719.
13, 29, 47
What are the prime factors of 8513?
8513
What are the prime factors of 544?
2, 17
What are the prime factors of 1940?
2, 5, 97
What are the prime factors of 25019?
127, 197
What are the prime factors of 4824?
2, 3, 67
What are the prime factors of 2885?
5, 577
What are the prime factors of 113583?
3, 37861
List the prime factors of 608.
2, 19
List the prime factors of 1286.
2, 643
What are the prime factors of 14063?
7, 41
List the prime factors of 2282.
2, 7, 163
What are the prime factors of 20840?
2, 5, 521
List the prime factors of 1160.
2, 5, 29
What are the prime factors of 1261?
13, 97
List the prime factors of 1339.
13, 103
List the prime factors of 2748.
2, 3, 229
List the prime factors of 130877.
29, 4513
List the prime factors of 7147.
7, 1021
List the prime factors of 1026.
2, 3, 19
List the prime factors of 32162.
2, 13, 1237
What are the prime factors of 3087?
3, 7
List the prime factors of 6796.
2, 1699
List the prime factors of 4704.
2, 3, 7
List the prime factors of 13445.
5, 2689
List the prime factors of 707.
7, 101
What are the prime factors of 52?
2, 13
List the prime factors of 43.
43
What are the prime factors of 424?
2, 53
What are the prime factors of 31674?
2, 3, 5279
List the prime factors of 52349.
11, 4759
List the prime factors of 13251.
3, 7, 631
List the prime factors of 112432.
2, 7027
What are the prime factors of 698?
2, 349
List the prime factors of 308.
2, 7, 11
What are the prime factors of 1460?
2, 5, 73
What are the prime factors of 2158?
2, 13, 83
What are the prime factors of 14323?
14323
What are the prime factors of 791?
7, 113
List the prime factors of 61800.
2, 3, 5, 103
What are the prime factors of 2027?
2027
What are the prime factors of 600?
2, 3, 5
List the prime factors of 60416.
2, 59
List the prime factors of 10613.
10613
List the prime factors of 388.
2, 97
List the prime factors of 14818.
2, 31, 239
What are the prime factors of 612?
2, 3, 17
What are the prime factors of 1327?
1327
What are the prime factors of 111?
3, 37
List the prime factors of 26.
2, 13
List the prime factors of 2265.
3, 5, 151
What are the prime factors of 7509?
3, 2503
List the prime factors of 3845.
5, 769
List the prime factors of 90.
2, 3, 5
List the prime factors of 133895.
5, 61, 439
What are the prime factors of 581?
7, 83
What are the prime factors of 8803?
8803
What are the prime factors of 30243?
3, 17, 593
What are the prime factors of 862?
2, 431
What are the prime factors of 5497?
23, 239
List the prime factors of 183057.
3, 7, 23, 379
List the prime factors of 5936.
2, 7, 53
List the prime factors of 5242.
2, 2621
What are the prime factors of 19252?
2, 4813
What are the prime factors of 43417?
11, 3947
List the prime factors of 1312.
2, 41
What are the prime factors of 232?
2, 29
List the prime factors of 6302.
2, 23, 137
List the prime factors of 1198.
2, 599
List the prime factors of 110350.
2, 5, 2207
What are the prime factors of 14536?
2, 23, 79
What are the prime factors of 33967?
33967
List the prime factors of 31857.
3, 7, 37, 41
List the prime factors of 9812.
2, 11, 223
List the prime factors of 675.
3, 5
List the prime factors of 21516.
2, 3, 11, 163
List the prime factors of 9005.
5, 1801
What are the prime factors of 169?
13
List the prime factors of 21810.
2, 3, 5, 727
List the prime factors of 14259.
3, 7, 97
What are the prime factors of 1061?
1061
What are the prime factors of 18223?
18223
What are the prime factors of 891?
3, 11
What are the prime factors of 2401?
7
List the prime factors of 108896.
2, 41, 83
What are the prime factors of 3002?
2, 19, 79
List the prime factors of 14246.
2, 17, 419
What are the prime factors of 4669?
7, 23, 29
What are the prime factors of 931?
7, 19
What are the prime factors of 1961?
37, 53
What are the prime factors of 3015?
3, 5, 67
List the prime factors of 303.
3, 101
List the prime factors of 196535.
5, 23, 1709
List the prime factors of 16101.
3, 1789
What are the prime factors of 13773?
3, 4591
What are the prime factors of 139?
139
What are the prime factors of 18006?
2, 3, 3001
What are the prime factors of 7695?
3, 5, 19
List the prime factors of 1418.
2, 709
List the prime factors of 536.
2, 67
What are the prime factors of 211?
211
List the prime factors of 782.
2, 17, 23
What are the prime factors of 129983?
7, 31, 599
What are the prime factors of 21899?
61, 359
What are the prime factors of 8025?
3, 5, 107
List the prime factors of 1129.
1129
List the prime factors of 374.
2, 11, 17
What are the prime factors of 873?
3, 97
List the prime factors of 477.
3, 53
List the prime factors of 1693.
1693
List the prime factors of 5262.
2, 3, 877
What are the prime factors of 709?
709
What are the prime factors of 597?
3, 199
List the prime factors of 389.
389
List the prime factors of 12277.
12277
List the prime factors of 1508.
2, 13, 29
What are the prime factors of 7279?
29, 251
What are the prime factors of 283?
283
What are the prime factors of 2653?
7, 379
What are the prime factors of 248?
2, 31
List the prime factors of 157.
157
What are the prime factors of 95843?
11, 8713
List the prime factors of 1152.
2, 3
What are the prime factors of 12658?
2, 6329
What are the prime factors of 1483?
1483
List the prime factors of 2579.
2579
What are the prime factors of 19090?
2, 5, 23, 83
List the prime factors of 867.
3, 17
List the prime factors of 187333.
31, 6043
What are the prime factors of 815?
5, 163
What are the prime factors of 52704?
2, 3, 61
List the prime factors of 26318.
2, 13159
List the prime factors of 57.
3, 19
What are the prime factors of 6665?
5, 31,